{"id":453,"date":"2021-10-07T14:37:06","date_gmt":"2021-10-07T14:37:06","guid":{"rendered":"https:\/\/hotel-as-lisboa.ms.decms.eu\/?page_id=453"},"modified":"2021-10-07T14:44:50","modified_gmt":"2021-10-07T14:44:50","slug":"salle-imperio","status":"publish","type":"page","link":"https:\/\/www.hotel-aslisboa.pt\/fr\/salles-de-reunion\/salle-imperio\/","title":{"rendered":"Salle Imp\u00e9rio"},"content":{"rendered":"<p>\u00c9tage -2, avec 120m2 pour des r\u00e9unions avec 20 ou 60 personnes.<\/p>\n","protected":false},"excerpt":{"rendered":"<p>\u00c9tage -2, avec 120m2 pour des r\u00e9unions avec 20 ou 60 personnes.<\/p>\n","protected":false},"author":36,"featured_media":0,"parent":447,"menu_order":15,"comment_status":"closed","ping_status":"closed","template":"template-default-3.php","meta":{"footnotes":""},"class_list":["post-453","page","type-page","status-publish","hentry"],"yoast_head":"<!-- This site is optimized with the Yoast SEO plugin v26.9 - https:\/\/yoast.com\/product\/yoast-seo-wordpress\/ -->\n<title>Salle Imp\u00e9rio hotel A.S. Lisboa<\/title>\n<meta name=\"description\" content=\"Pour votre r\u00e9unions \u00e0 Lisbonne\" \/>\n<meta name=\"robots\" content=\"index, follow, max-snippet:-1, max-image-preview:large, max-video-preview:-1\" \/>\n<link rel=\"canonical\" href=\"https:\/\/www.hotel-aslisboa.pt\/fr\/salles-de-reunion\/salle-imperio\/\" \/>\n<meta property=\"og:locale\" content=\"fr_FR\" \/>\n<meta property=\"og:type\" content=\"article\" \/>\n<meta property=\"og:title\" content=\"Salle Imp\u00e9rio hotel A.S. Lisboa\" \/>\n<meta property=\"og:description\" content=\"Pour votre r\u00e9unions \u00e0 Lisbonne\" \/>\n<meta property=\"og:url\" content=\"https:\/\/www.hotel-aslisboa.pt\/fr\/salles-de-reunion\/salle-imperio\/\" \/>\n<meta property=\"og:site_name\" content=\"Hotel A.S. Lisboa\" \/>\n<meta property=\"article:modified_time\" content=\"2021-10-07T14:44:50+00:00\" \/>\n<meta property=\"og:image\" content=\"https:\/\/www.hotel-aslisboa.pt\/wp-content\/uploads\/sites\/349\/2021\/09\/IMG_0476-HDR.jpg\" \/>\n\t<meta property=\"og:image:width\" content=\"1200\" \/>\n\t<meta property=\"og:image:height\" content=\"800\" \/>\n\t<meta property=\"og:image:type\" content=\"image\/jpeg\" \/>\n<meta name=\"twitter:card\" content=\"summary_large_image\" \/>\n<script type=\"application\/ld+json\" class=\"yoast-schema-graph\">{\"@context\":\"https:\/\/schema.org\",\"@graph\":[{\"@type\":\"WebPage\",\"@id\":\"https:\/\/www.hotel-aslisboa.pt\/fr\/salles-de-reunion\/salle-imperio\/\",\"url\":\"https:\/\/www.hotel-aslisboa.pt\/fr\/salles-de-reunion\/salle-imperio\/\",\"name\":\"Salle Imp\u00e9rio hotel A.S. Lisboa\",\"isPartOf\":{\"@id\":\"https:\/\/www.hotel-aslisboa.pt\/fr\/#website\"},\"datePublished\":\"2021-10-07T14:37:06+00:00\",\"dateModified\":\"2021-10-07T14:44:50+00:00\",\"description\":\"Pour votre r\u00e9unions \u00e0 Lisbonne\",\"breadcrumb\":{\"@id\":\"https:\/\/www.hotel-aslisboa.pt\/fr\/salles-de-reunion\/salle-imperio\/#breadcrumb\"},\"inLanguage\":\"fr-FR\",\"potentialAction\":[{\"@type\":\"ReadAction\",\"target\":[\"https:\/\/www.hotel-aslisboa.pt\/fr\/salles-de-reunion\/salle-imperio\/\"]}]},{\"@type\":\"BreadcrumbList\",\"@id\":\"https:\/\/www.hotel-aslisboa.pt\/fr\/salles-de-reunion\/salle-imperio\/#breadcrumb\",\"itemListElement\":[{\"@type\":\"ListItem\",\"position\":1,\"name\":\"Home\",\"item\":\"https:\/\/www.hotel-aslisboa.pt\/fr\/\"},{\"@type\":\"ListItem\",\"position\":2,\"name\":\"Salles de r\u00e9union\",\"item\":\"https:\/\/www.hotel-aslisboa.pt\/fr\/salles-de-reunion\/\"},{\"@type\":\"ListItem\",\"position\":3,\"name\":\"Salle Imp\u00e9rio\"}]},{\"@type\":\"WebSite\",\"@id\":\"https:\/\/www.hotel-aslisboa.pt\/fr\/#website\",\"url\":\"https:\/\/www.hotel-aslisboa.pt\/fr\/\",\"name\":\"Hotel A.S. Lisboa\",\"description\":\"Just another ms.decms.eu site\",\"potentialAction\":[{\"@type\":\"SearchAction\",\"target\":{\"@type\":\"EntryPoint\",\"urlTemplate\":\"https:\/\/www.hotel-aslisboa.pt\/fr\/?s={search_term_string}\"},\"query-input\":{\"@type\":\"PropertyValueSpecification\",\"valueRequired\":true,\"valueName\":\"search_term_string\"}}],\"inLanguage\":\"fr-FR\"}]}<\/script>\n<!-- \/ Yoast SEO plugin. -->","yoast_head_json":{"title":"Salle Imp\u00e9rio hotel A.S. Lisboa","description":"Pour votre r\u00e9unions \u00e0 Lisbonne","robots":{"index":"index","follow":"follow","max-snippet":"max-snippet:-1","max-image-preview":"max-image-preview:large","max-video-preview":"max-video-preview:-1"},"canonical":"https:\/\/www.hotel-aslisboa.pt\/fr\/salles-de-reunion\/salle-imperio\/","og_locale":"fr_FR","og_type":"article","og_title":"Salle Imp\u00e9rio hotel A.S. Lisboa","og_description":"Pour votre r\u00e9unions \u00e0 Lisbonne","og_url":"https:\/\/www.hotel-aslisboa.pt\/fr\/salles-de-reunion\/salle-imperio\/","og_site_name":"Hotel A.S. Lisboa","article_modified_time":"2021-10-07T14:44:50+00:00","og_image":[{"width":1200,"height":800,"url":"https:\/\/www.hotel-aslisboa.pt\/wp-content\/uploads\/sites\/349\/2021\/09\/IMG_0476-HDR.jpg","type":"image\/jpeg"}],"twitter_card":"summary_large_image","schema":{"@context":"https:\/\/schema.org","@graph":[{"@type":"WebPage","@id":"https:\/\/www.hotel-aslisboa.pt\/fr\/salles-de-reunion\/salle-imperio\/","url":"https:\/\/www.hotel-aslisboa.pt\/fr\/salles-de-reunion\/salle-imperio\/","name":"Salle Imp\u00e9rio hotel A.S. Lisboa","isPartOf":{"@id":"https:\/\/www.hotel-aslisboa.pt\/fr\/#website"},"datePublished":"2021-10-07T14:37:06+00:00","dateModified":"2021-10-07T14:44:50+00:00","description":"Pour votre r\u00e9unions \u00e0 Lisbonne","breadcrumb":{"@id":"https:\/\/www.hotel-aslisboa.pt\/fr\/salles-de-reunion\/salle-imperio\/#breadcrumb"},"inLanguage":"fr-FR","potentialAction":[{"@type":"ReadAction","target":["https:\/\/www.hotel-aslisboa.pt\/fr\/salles-de-reunion\/salle-imperio\/"]}]},{"@type":"BreadcrumbList","@id":"https:\/\/www.hotel-aslisboa.pt\/fr\/salles-de-reunion\/salle-imperio\/#breadcrumb","itemListElement":[{"@type":"ListItem","position":1,"name":"Home","item":"https:\/\/www.hotel-aslisboa.pt\/fr\/"},{"@type":"ListItem","position":2,"name":"Salles de r\u00e9union","item":"https:\/\/www.hotel-aslisboa.pt\/fr\/salles-de-reunion\/"},{"@type":"ListItem","position":3,"name":"Salle Imp\u00e9rio"}]},{"@type":"WebSite","@id":"https:\/\/www.hotel-aslisboa.pt\/fr\/#website","url":"https:\/\/www.hotel-aslisboa.pt\/fr\/","name":"Hotel A.S. Lisboa","description":"Just another ms.decms.eu site","potentialAction":[{"@type":"SearchAction","target":{"@type":"EntryPoint","urlTemplate":"https:\/\/www.hotel-aslisboa.pt\/fr\/?s={search_term_string}"},"query-input":{"@type":"PropertyValueSpecification","valueRequired":true,"valueName":"search_term_string"}}],"inLanguage":"fr-FR"}]}},"acf":[],"_links":{"self":[{"href":"https:\/\/www.hotel-aslisboa.pt\/fr\/wp-json\/wp\/v2\/pages\/453","targetHints":{"allow":["GET"]}}],"collection":[{"href":"https:\/\/www.hotel-aslisboa.pt\/fr\/wp-json\/wp\/v2\/pages"}],"about":[{"href":"https:\/\/www.hotel-aslisboa.pt\/fr\/wp-json\/wp\/v2\/types\/page"}],"author":[{"embeddable":true,"href":"https:\/\/www.hotel-aslisboa.pt\/fr\/wp-json\/wp\/v2\/users\/36"}],"replies":[{"embeddable":true,"href":"https:\/\/www.hotel-aslisboa.pt\/fr\/wp-json\/wp\/v2\/comments?post=453"}],"version-history":[{"count":0,"href":"https:\/\/www.hotel-aslisboa.pt\/fr\/wp-json\/wp\/v2\/pages\/453\/revisions"}],"up":[{"embeddable":true,"href":"https:\/\/www.hotel-aslisboa.pt\/fr\/wp-json\/wp\/v2\/pages\/447"}],"wp:attachment":[{"href":"https:\/\/www.hotel-aslisboa.pt\/fr\/wp-json\/wp\/v2\/media?parent=453"}],"curies":[{"name":"wp","href":"https:\/\/api.w.org\/{rel}","templated":true}]}}

Salle Império

<p>Étage -2, avec 120m2 pour des réunions avec 20 ou 60 personnes.</p>

<!-- This site is optimized with the Yoast SEO plugin v26.9 - https://yoast.com/product/yoast-seo-wordpress/ -->
<title>Salle Império hotel A.S. Lisboa</title>
<meta name="description" content="Pour votre réunions à Lisbonne" />
<meta name="robots" content="index, follow, max-snippet:-1, max-image-preview:large, max-video-preview:-1" />
<link rel="canonical" href="https://www.hotel-aslisboa.pt/fr/salles-de-reunion/salle-imperio/" />
<meta property="og:locale" content="fr_FR" />
<meta property="og:type" content="article" />
<meta property="og:title" content="Salle Império hotel A.S. Lisboa" />
<meta property="og:description" content="Pour votre réunions à Lisbonne" />
<meta property="og:url" content="https://www.hotel-aslisboa.pt/fr/salles-de-reunion/salle-imperio/" />
<meta property="og:site_name" content="Hotel A.S. Lisboa" />
<meta property="article:modified_time" content="2021-10-07T14:44:50+00:00" />
<meta property="og:image" content="https://www.hotel-aslisboa.pt/wp-content/uploads/sites/349/2021/09/IMG_0476-HDR.jpg" />
	<meta property="og:image:width" content="1200" />
	<meta property="og:image:height" content="800" />
	<meta property="og:image:type" content="image/jpeg" />
<meta name="twitter:card" content="summary_large_image" />
<script type="application/ld+json" class="yoast-schema-graph">{"@context":"https://schema.org","@graph":[{"@type":"WebPage","@id":"https://www.hotel-aslisboa.pt/fr/salles-de-reunion/salle-imperio/","url":"https://www.hotel-aslisboa.pt/fr/salles-de-reunion/salle-imperio/","name":"Salle Império hotel A.S. Lisboa","isPartOf":{"@id":"https://www.hotel-aslisboa.pt/fr/#website"},"datePublished":"2021-10-07T14:37:06+00:00","dateModified":"2021-10-07T14:44:50+00:00","description":"Pour votre réunions à Lisbonne","breadcrumb":{"@id":"https://www.hotel-aslisboa.pt/fr/salles-de-reunion/salle-imperio/#breadcrumb"},"inLanguage":"fr-FR","potentialAction":[{"@type":"ReadAction","target":["https://www.hotel-aslisboa.pt/fr/salles-de-reunion/salle-imperio/"]}]},{"@type":"BreadcrumbList","@id":"https://www.hotel-aslisboa.pt/fr/salles-de-reunion/salle-imperio/#breadcrumb","itemListElement":[{"@type":"ListItem","position":1,"name":"Home","item":"https://www.hotel-aslisboa.pt/fr/"},{"@type":"ListItem","position":2,"name":"Salles de réunion","item":"https://www.hotel-aslisboa.pt/fr/salles-de-reunion/"},{"@type":"ListItem","position":3,"name":"Salle Império"}]},{"@type":"WebSite","@id":"https://www.hotel-aslisboa.pt/fr/#website","url":"https://www.hotel-aslisboa.pt/fr/","name":"Hotel A.S. Lisboa","description":"Just another ms.decms.eu site","potentialAction":[{"@type":"SearchAction","target":{"@type":"EntryPoint","urlTemplate":"https://www.hotel-aslisboa.pt/fr/?s={search_term_string}"},"query-input":{"@type":"PropertyValueSpecification","valueRequired":true,"valueName":"search_term_string"}}],"inLanguage":"fr-FR"}]}</script>
<!-- / Yoast SEO plugin. -->

Salle Império hotel A.S. Lisboa

Pour votre réunions à Lisbonne

Salles de réunion
